rst derivative of v**3/3 - v**2/2 - v - 1. Give m(l).
-1
Let n(g) = g**2 + 5*g + 3. Let x be (-24)/7 - 56/98. Give n(x).
-1
Let c(f) be the second derivative of -f + 0 + 1/6*f**3 + 2*f**2. Calculate c(-5).
-1
Let h be 2 + 0 - (-4 - -6). Let t(l) = -l**2 - l. Calculate t(h).
0
Let m(q) = q**2 - 7*q + 2. Let t be m(7). Let l(x) = -3*x - 6. Let z(i) = 3*i + 5. Let u(b) = -4*l(b) - 5*z(b). Give u(t).
-7
Let c(o) = 2*o + 2. Let h(x) = 3*x + 3. Let z(k) = -7*c(k) + 4*h(k). What is z(-6)?
10
Let d(t) = 3*t**2 - 15*t + 20. Let l(y) = -17 - y**2 + 10*y + 4 - y**2. Let q(n) = -5*d(n) - 8*l(n). Let s = 38 + -33. Give q(s).
4
Let v = -9 - -14. Let s(h) = -h**3 + 6*h**2 - 2*h - 3. Calculate s(v).
12
Let x(s) be the third derivative of -s**7/2520 + s**6/720 - s**5/30 + s**4/6 + 3*s**2. Let h(y) be the second derivative of x(y). Determine h(0).
-4
Let k(c) = -c**2 - 4*c + 2. Suppose 3*y - 10 = -2*y, -2*l - y - 8 = 0. Calculate k(l).
-3
Let o(v) be the third derivative of -v**5/30 - 5*v**4/24 + 2*v**3/3 - 31*v**2. Determine o(-4).
-8
Let g(c) = 5*c**3 - 6*c**2 - 6*c + 9. Let n(i) = 5*i - i**3 - 2*i - 2*i. Let f(y) = -g(y) - 4*n(y). What is f(6)?
3
Let d(g) = -3*g - 4. Let b be d(-3). Let j(l) = l**3 - 4*l**2 - 6*l. Let u be j(b). Let x(p) = -3*p - 7. Give x(u).
8
Let m(w) = w**2 - 5. Suppose -18*g + 20*g = 0. Calculate m(g).
-5
Suppose -5*j = 2*h + 7, -3*h + 2 + 1 = 3*j. Let z(r) be the second derivative of 2*r + 0 + 1/2*r**2 - 1/20*r**5 - 1/12*r**h + 1/6*r**3. What is z(-2)?
3
Let c(i) be the third derivative of i**7/840 - i**6/72 - i**5/30 - 7*i**4/24 - 7*i**3/6 - 5*i**2. Let r(g) be the first derivative of c(g). Determine r(6).
5
Let u(v) = -v**3 - 6*v**2 - 5*v + 3. Let w(b) be the first derivative of b + 1/2*b**2 + 1. Let r be w(-5). What is u(r)?
-9
Let v(x) = x**3 - 6*x**2 - 2*x + 3. Let n(c) be the first derivative of -c**3/3 - 4*c**2 - 6*c - 8. Let u be n(-6). Determine v(u).
-9
Let g(l) be the second derivative of l**5/20 - l**4/2 - 4*l**3/3 - l**2/2 + 2*l. What is g(7)?
-8
Let o(h) = h**3 - 3*h**2 + 2. Suppose 0 = 3*y - 6 - 0. Suppose -7*w + 3*w - y*n + 16 = 0, 0 = -3*n + 12. Determine o(w).
-2
Let p(c) = -c - 5. Let y = 3 - 3. Let r(j) = j**2 + j. Let k be r(y). Suppose k = -2*w - 2*w. Determine p(w).
-5
Suppose 0 = 7*c - 2*c - 10. Let l be (-2)/(-4) + (-1)/c. Let d(q) = l*q + 0*q - 3 - q. What is d(-3)?
0
Let z(c) = c - 1. Let m(q) = -3*q + 3. Let b(h) = -4*m(h) - 11*z(h). Determine b(5).
4
Suppose -3*v = 2*n + 4, -2*v + 4*n + 8 = -v. Let a(z) be the first derivative of -z**2/2 + 10*z - 5. Give a(v).
10
Let v(l) = l + 1. Let n be (2/6)/(12/(-144)). What is v(n)?
-3
Let d(o) = -o**3 + 2*o**2 + 2*o + 5. Let r = 155 + -151. Give d(r).
-19
Let n(q) = -1. Let m(p) = -p**2 - 4*p. Let j be m(-3). Let w be 1 + -3 + j + 3. Let s(f) = -2*f - 4. Let b(g) = w*n(g) - s(g). Calculate b(1).
2
Let q(k) = -5 + 3*k + 14 - 4*k + 2*k. Calculate q(-6).
3
Let s(i) = i + 15*i + 0*i - 17*i + i**3. Let j be (-1)/2*0/3. Suppose -4*u = -j*u. Determine s(u).
0
Let h(x) = 10*x**2 - 11*x**2 - 7*x - 5 + 0*x. Let c be h(-5). Let v(u) = 3*u + 3*u - 4 - u**2 + u. What is v(c)?
6
Let h = -4 + 3. Let m be 0 + (h/1 - -2). Let u(k) be the first derivative of -2*k**4 + k**3/3 - k + 6. Determine u(m).
-8
Let k(l) = l**2 - 5*l - 3. Let z(m) = -m**2 + 7*m + 2. Let h be z(7). Let v be h*(3 + -2 + -2). Let q be (-24)/(-18)*(-9)/v. Give k(q).
3
Suppose -2*z + 4 = -2*x, -4*x = -5*z - 11 + 24. Let s(b) = -b**3 + 6*b**2 - 4*b + 1. Calculate s(z).
6
Let j(w) = -2*w - 1. Let a = -4 - -5. Give j(a).
-3
Suppose 0 = -2*c - 4*z - 6, c + 3 = -3*z - 3. Let w(h) = 5*h**3 + 6*h**2 - 4*h**3 - 4 + c*h + 0*h**3. Give w(-5).
6
Let c(s) = s**3 + 2*s**2 - 3*s. Suppose 0 = 2*b - 6 - 4. Suppose -5*o = 2*j + 9, -b*j - 40 = -4*o - o. Let g = j - -9. What is c(g)?
10
Let s(v) = 55*v**2 + 25. Let w(f) = 9*f**2 + 4. Let l(m) = 4*s(m) - 25*w(m). Give l(1).
-5
Let i = 22 + -35. Let z be i/3 - (-28)/(-42). Let h(l) = -l - 5. Calculate h(z).
0
Let z(p) = 1 - p**2 + 9*p + 6 - 1. Let o(h) = -4*h - 3. Let u(v) = 5*o(v) + 2*z(v). Give u(-2).
-7
Let x be (-6)/2 + 46/12. Let a(y) be the third derivative of x*y**3 - 3*y**2 + 0*y + 0 - 1/12*y**4. Calculate a(4).
-3
Let q be (24 - 24)/(0 + 3 + 0). Let l(g) be the third derivative of g**6/120 + g**4/24 - 5*g**3/3 - g**2. Determine l(q).
-10
Let n(i) = i**2 - 3*i - 1. Let b be -1 + -2 - (-10)/(-2). Let k = 13 + b. Determine n(k).
9
Let g(u) = 7*u**2 - 9*u**3 - 5*u - 5*u**3 + 5 - 3*u**3 + 6*u**3. Let x(j) = -17*j**3 + 11*j**2 - 8*j + 8. Let q(a) = -8*g(a) + 5*x(a). Give q(1).
2
Let m(w) = -w - 2. Let z be -3*(30/(-9))/5. Let v be ((-2)/(-7))/(z/28). Give m(v).
-6
Let k(z) = -z + 1. Suppose 0 = 3*b - 11 - 7. Let a = b + -3. What is k(a)?
-2
Suppose -3*c = 4*j - 21, 4*c = 3*c + 3. Suppose -q + 5 = -p, -q - j*p = -38 + 13. Let d(b) = 2 + q - b - 5. What is d(0)?
7
Let v(b) = b - 10. Let i be v(11). Let a(r) = -2*r + i + r**2 - 2*r**2 + 0*r**2 + 6*r. Calculate a(3).
4
Suppose -4*y - 11 = 5. Let q be ((-2)/4)/((-2)/y). Let g(o) = -4*o**3 - 2*o - 1. What is g(q)?
5
Let t(f) be the second derivative of -f**6/360 - f**5/30 + f**4/4 - f**3/3 + f. Let r(j) be the second derivative of t(j). Determine r(-5).
1
Let u(d) = -7*d**3 - 5*d**2 - 4*d + 3. Let m(c) = -c**3 + 1. Let b(y) = -6*m(y) + u(y). What is b(-4)?
-3
Let i(n) = -n**2 - 2*n - 3. Let b be i(0). Let q(a) = -a**2 - 4*a + 1. What is q(b)?
4
Let j(f) = -f**2 - 12*f - 9. Suppose -27 = 4*g + 13. Determine j(g).
11
Let x(t) = -t**3 - 4*t**2 - 2*t - 1. Suppose 0 = -0*a - 2*a - 8. Calculate x(a).
7
Suppose -20 + 0 = 5*g. Let t(l) = 6*l + 3. Let z(h) = -5*h - 2. Let o(d) = g*z(d) - 3*t(d). Let r be (-1)/(5/4 - 1). What is o(r)?
-9
Let y(l) be the second derivative of l**3/6 - l**2/2 - l. Let o be y(-5). Let d(c) = 2*c + 5. Determine d(o).
-7
Suppose -14 = 2*d - 4*f, 3*d = 4*f - 8 - 5. Let z = d + -1. Let m(b) = b**2 - 2*b + z - b - 6. Calculate m(5).
4
Let k(j) = -3*j. Let s(b) = -2*b. Let a(u) = k(u) - 2*s(u). Calculate a(-1).
-1
Let i = 2 + -2. Let p(w) = -8 - 8 + 7 - w. What is p(i)?
-9
Let b(i) = -i + 5. Let t be b(0). Let w be 1/(-4) + t/4. Let a(v) = 9*v**2 - 2*v + 1. Give a(w).
8
Let m = -2 + 2. Suppose v - 5 + 2 = m. Let s(k) = k + 2. What is s(v)?
5
Suppose 3*h + d = 11, -7*d = -3*h - 2*d + 35. Let a(w) = 5*w - w**2 - w + 5 + w. Calculate a(h).
5
Let v(i) = -i - 5. Suppose 2*o - 14 = -4*k, 0*k - 2*o = -3*k + 21. Give v(k).
-10
Let i(k) = k**2 + 8*k - 10. Let b be i(-9). Let z(t) = t. Let r(f) = 2*f - 4. Let p(x) = b*r(x) + 5*z(x). Let a be p(-3). Let o(h) = -h + 1. Give o(a).
6
Let j(m) = m**3 - 7*m**2 + 5*m + 2. Let u be j(6). Let g(t) = t**2 + 2*t - 5. Determine g(u).
3
Let r = 116/165 - 2/55. Let j(c) be the third derivative of -1/24*c**4 + 0*c + c**2 + 0 - r*c**3. Calculate j(-3).
-1
Let i be -1 + -9*(-2)/2. Let b = 5 - i. Let q(g) = -g**2 - 4*g + 4. Determine q(b).
7
Let n(s) = -5*s**3 + 4*s**2 - 4*s + 1. Let o(m) = 11*m**3 - 8*m**2 + 9*m - 2. Let d(r) = 13*n(r) + 6*o(r). Determine d(-3).
4
Suppose -3*a + 4*a = 5. Let n(f) = -9 + 2*f + 2*f - a*f. Let h = -17 + 12. What is n(h)?
-4
Let r(u) be the third derivative of u**4/6 - u**3/2 - 2*u**2 - u. Determine r(2).
5
Let a be (104/(-39))/((-4)/6). Let x(s) = -s**3 + 4*s**2 - s - 3. Determine x(a).
-7
Let y(m) = -m**3 + 5*m**2 - 5. Let o(p) be the first derivative of -2*p**3 + 0*p**2 + 1/2*p**4 + 1 + 6*p. Let k(t) = -2*o(t) - 3*y(t). Determine k(-3).
3
Let u be (12/(-5))/(-6)*5. Let w(x) = 4*x**2 - 3*x + 1. Calculate w(u).
11
Suppose 0 = 2*x - 3*u + 3, -x = -8*u + 3*u - 9. Let o(v) = v**2 + 4*v - 3. What is o(x)?
9
Let y = 11 - 7. Let n(l) = -l**2 + l + 4. What is n(y)?
-8
Let r be 4/18 - 335/9. Let c be 2/(-5) + r/(-5). Let b(t) = 0 - t + 0*t + 0*t + 7. Give b(c).
0
Let u(c) = 4*c - 18. Let r be u(4). Let t(v) = 2*v**2 + v + 1. Determine t(r).
7
Suppose v - 18 = 4*v. Let y = -9 - v. Let m(o) = -o - 2. Calculate m(y).
1
Let t(x) be the second derivative of 2*x**2 + 2*x - 1/12*x**4 + 0 - 2/3*x**3. Suppose -8*n + 3*n = 20. Calculate t(n).
4
Let t(o) = o**2 - 5*o - 5. Suppose 0 = 3*i + a - 15 - 0, -2*i - 3 = 5*a. Determine t(i).
1
Let b = 27 - 25. Let g(a) = 3*a**2 - a + 1. Determine g(b).
11
Let d(b) = 7*b**3 + 2*b**2 + 2*b + 1. Let i be (2 + 8)/(1 - 3). Suppose -c = 4 + 2. Let p 